 List the prime factors of m.
457
Let v be 6/(-21) + (48/21)/1. List the prime factors of 95/(-35) + v/(-7) + 234.
3, 7, 11
Suppose -305*w + 623280 = -225*w. What are the prime factors of w?
3, 7, 53
Let j be 20/6*(-81)/(-45) + -1. List the prime factors of -2404*(2 + j/(-2)).
2, 601
Let l(m) = 590*m**2 + 405*m + 5. What are the prime factors of l(5)?
2, 5, 839
Suppose 1260*d - 1266*d = -40404. List the prime factors of d.
2, 7, 13, 37
Let v = -9 - -11. Suppose -4*c = 4*k + 268, -v*c - 5*k - 32 = 111. Let l = c - -82. What are the prime factors of l?
2, 3
Let z be 2/(-10) - (-19)/((-95)/14). List the prime factors of 317*(-3)/(9 - 0)*z.
317
Suppose -t - 8103 = 58*l - 62*l, -2*l - 5*t + 4057 = 0. What are the prime factors of l?
2, 1013
Suppose 83*i = -34*i + 6903. Suppose -11 = -o - 3*y, -2*o - o = 2*y - 47. Suppose o = g - i. List the prime factors of g.
2, 19
Let b be (-2)/8 - 2762/(-8). Suppose -10 = -p - 3*j, -3*p + 3*j = 2*j - 10. Suppose p*m = 2*d + 3*m - 226, -3*d + 3*m = -b. List the prime factors of d.
3, 37
Let b(v) = -14*v**2 + 6*v + 5. Let i be b(-1). List the prime factors of (-5)/(i/9) - -752.
5, 151
Let z(r) be the second derivative of 0*r**2 + 0 + 2/3*r**3 - 2*r. What are the prime factors of z(6)?
2, 3
Suppose 0 = -9*s + 572 - 50. What are the prime factors of 883395/1305 - (-4)/s?
677
Suppose 12*m - 13*m = -2646. Let u = -1568 + m. List the prime factors of u.
2, 7, 11
Suppose -2*h + 5369 = -3*q, 3*h - 10970 = -3*q - 2939. Let i = h + -1900. List the prime factors of i.
2, 3, 5, 13
Suppose m - 52*n + 50*n = 11736, -m + 4*n = -11748. List the prime factors of m.
2, 3, 977
What are the prime factors of 1/(8/10 - ((-4690035)/901925 + 6))?
43, 839
Let n = 62 - 59. Suppose 5*r + n*h - 7294 = 0, -2911 = -2*r + 2*h - h. What are the prime factors of r?
31, 47
Suppose -4*r + 92 = 5*o, 3*r + 0*o = 4*o + 69. Suppose 46*s - r*s = 17986. What are the prime factors of s?
2, 17, 23
Let x(b) = -b**2 - 13*b + 4. Let f be x(-13). List the prime factors of 4904/24 - 3 - f/(-6).
2, 101
Let n = 46 - 41. Let h(s) = s**2 - 3*s - 5. Let i be h(n). Suppose -i*d - d = -768. What are the prime factors of d?
2
Let h be (-2)/(6/4*(-4)/18). Let z(c) = c**3 - 2*c**2 - 9*c + 6. Let b be z(h). Suppose -b*a = -92*a - 656. What are the prime factors of a?
2, 41
Let q = 1 + 1. Let o be (-6)/q - (3 - 22). What are the prime factors of 3*-1 - (-33 - o/4)?
2, 17
What are the prime factors of (-2451152)/(-440) + -5 + 48/15?
5569
Suppose 72*r + 13*r - 1371089 = 45521. List the prime factors of r.
2, 13, 641
Suppose 250*w - 1000 = 258*w. Let f = w + 515. List the prime factors of f.
2, 3, 5, 13
Let n be ((-76304)/(-114))/(2/(-3)). What are the prime factors of (23/46)/((-1)/n) + 2?
2, 3, 7
Let h be 15/(-5) + -2 + 14. Suppose 0 = -j - h + 11. Suppose j*y - 64 = -4*w, -2*y + 5*y + 4*w = 86. What are the prime factors of y?
2, 11
Let z(j) = 29*j + 314. Let a be z(-15). Suppose 0 = c + 5, -4*m - 4*c + 1577 = 513. Let v = a + m. What are the prime factors of v?
2, 3, 5
Let y = -91 + 194. List the prime factors of y*4/(-8)*-2*1.
103
Let l = 111 + -763. Let j = l - -1085. Let y = j - 231. What are the prime factors of y?
2, 101
Suppose -12*a + 9*a + 34134 = 3*r, 2*a = 7*r + 22756. List the prime factors of a.
2, 5689
Let f(v) = 981*v + 2634. List the prime factors of f(9).
3, 3821
Suppose 2*h - 22*u = -18*u - 10, 3*u - 3 = 3*h. Suppose -5*o = 2*w - 1549, -h*o = -2*w - 323 - 616. What are the prime factors of o?
311
List the prime factors of 491832/22 + 2*(-4 + 0/(-2)).
2, 37, 151
Suppose -235*l + 6816416 + 5597644 = -55*l. List the prime factors of l.
3, 79, 97
Suppose 0 = 3*v + 90 + 78. Let g = 372 - v. What are the prime factors of g?
2, 107
List the prime factors of ((-3)/(-27))/((-25)/(-182475)).
811
Suppose 30*o = 214987 - 32677. List the prime factors of o.
59, 103
Let p(n) be the third derivative of n**5/60 - 5*n**4/24 - 7*n**3/6 + 20*n**2. Let s be p(6). What are the prime factors of (-3 - -6) + 61 + (s - -2)?
5, 13
Let b(w) = 4*w + 11. Let z(f) = -f. Let j(y) = -b(y) - 3*z(y). Let q be j(-11). Suppose 5*p - v - 101 - 295 = q, -260 = -3*p - 5*v. List the prime factors of p.
2, 5
Let c = 40 - 36. Let u(j) = 5*j**2 - 7*j + 13. Let b be u(c). Suppose 0 = y - 2 - b. What are the prime factors of y?
67
Suppose 3*l = 2*w - 2806, l + 705 + 253 = -5*w. Let u = -1951 - l. List the prime factors of u/(-5) - 30/50.
2, 101
Let d = -5439 - -9181. What are the prime factors of d?
2, 1871
Let w(f) = -43*f - 160. Let i be w(-14). Let y = 844 - i. List the prime factors of y.
2, 3, 67
What are the prime factors of (67976/8 - (0 - 0)) + (12 - 15)?
2, 31, 137
Suppose 294 - 8 = -13*t. What are the prime factors of (t/(-33))/((-4)/(-8232)*4)?
7
Suppose -2*h - 4*x + 1 = -1, 2*h - 2*x = 8. Suppose -h*g + 5 = 8. What are the prime factors of g + -2 - (-42 + 1)?
2, 19
Let v be -2 - 5/(-10)*14. Suppose 3*t - m + 1 - 6 = 0, -5*t + 5*m - v = 0. Suppose -7*x + 320 = t*x. What are the prime factors of x?
2
Suppose 45*a + 763846 - 2478301 = 0. List the prime factors of a.
31, 1229
Let c be 88/14*(-35)/(-10). Let q be (-74)/(-10) + c/(-55). Let a(k) = 5*k + 5. List the prime factors of a(q).
2, 5
Let y(a) be the second derivative of a**5/10 - a**4/2 + a**3/6 - 9*a + 4. List the prime factors of y(6).
2, 3, 37
Let r be (-3 + 2)*(-1 + 670). What are the prime factors of -6*5/45*r?
2, 223
Suppose -2*z - 848 = 122. Let n = -497 + 178. Let o = n - z. What are the prime factors of o?
2, 83
Let r = 733 + -728. What are the prime factors of 0 + r + (1222 - 22)?
5, 241
Let c(x) = 18*x**2 - 3*x - 3. Let k = -47 + 52. Suppose -4*j - k*j = -18. List the prime factors of c(j).
3, 7
Let b(y) = -3*y + 4. Let a = -42 + 41. Let s(j) = -j - 1. Let v(n) = a*b(n) - 4*s(n). List the prime factors of v(2).
2, 7
Let v(i) = 5*i**2 - 3*i + 2. Suppose -u = -8 - 19. Let g = -23 + u. List the prime factors of v(g).
2, 5, 7
Let q(n) = -n**3 - 3*n**2 - 4*n - 1. Let a(b) = -4*b**2 + 2*b + 7. Let l be a(2). What are the prime factors of q(l)?
3, 23
Let o = 30424 - 18077. List the prime factors of o.
12347
Let o(j) = 3 + 30 + 40 - 61*j - 11. List the prime factors of o(-4).
2, 3, 17
Suppose -2*x + 85*h = 82*h - 7321, h - 7341 = -2*x. List the prime factors of x.
2, 7, 131
Suppose -l + 2*q - 4 = -3*l, 4*q = l - 2. Suppose 4*g - 106 = 3*b, 3*b + 37 = l*g - 13. List the prime factors of g.
2, 7
Let h(k) = k**3 - 4*k**2 - 2*k - 17. Let z be h(9). Let o = 661 - z. Suppose o + 267 = 6*u. What are the prime factors of u?
3, 31
Let w(m) = m + 35. Let l be w(-15). Suppose z = -4*t + l, 25 = 5*t + 5*z - 15. List the prime factors of t + (6 - 5) + 140.
5, 29
Suppose -6 = -z - 6. Suppose h + 5 - 8 = z. List the prime factors of (h*(-188)/(-12))/1.
47
Suppose -8*b + 4 = -7*b. Let y(l) = -8*l - 4 + 2*l**2 + 1 + 18*l - 4*l. What are the prime factors of y(b)?
53
Let t = 1647 + -1134. Let c = t - 86. Suppose u - c = -4*w + 4*u, 3*w + 4*u = 314. What are the prime factors of w?
2, 53
Let t(g) = g**2 - 7*g + 31. Let f be t(9). Suppose 3443 = f*k - 38*k. What are the prime factors of k?
313
Let t(y) = 7*y**3 - 3*y**2 - 8*y + 8. Let j be t(-6). Let q = j + 2212. What are the prime factors of q?
2, 3
Let g(c) = 9*c**2 - 3*c + 12. Let l(d) = 10*d**2 - 3*d + 13. Let o(x) = 6*g(x) - 5*l(x). Let p be o(-4). Let y = -12 + p. What are the prime factors of y?
71
Suppose 49*v = 2*h + 50*v - 10677, 4*h + 5*v - 21333 = 0. List the prime factors of h.
2, 2671
Let q(r) = -3*r**2 + 22*r + 19. Let w be q(8). Let o be w/(3/(-3371)) + 16/(-4). List the prime factors of (-4)/44*o - (-2)/11.
307
Suppose -3*v - 90501 = -3*g, -428*v + 429*v + 120662 = 4*g. List the prime factors of g.
3, 5, 2011
Suppose 2*x - 448 = 512. Suppose 3*t = x + 333. List the prime factors of t.
271
Let g be 28/42 + (0 - (-4)/3). Let m(k) = -20*k + 2*k**3 - 12*k**g + 10*k - 6 + 10*k. What are the prime factors of m(7)?
2, 23
Let x = -337 + 331. What are the prime factors of (x - 3025)*(-4)/14?
2, 433
Suppose -142*h - 1880269 = -3078262 - 2113731. List the prime factors of h.
2, 3, 13, 23
Suppose -71 = -2*i + 153. Suppose 4*d - i = h - 17, 0 = -2*d + 2*h + 40. Suppose -927 = 16*q - d*q. List the prime factors of q.
103
Let n(k) = 26*k**2 - 48*k - 427. What are the prime factors of n(-12)?
